 is divided by j(5)?
21
Suppose 0 = -13*f + 12*f - 107. Let g = 128 + f. What is the remainder when 166 is divided by g?
19
Calculate the remainder when 651 is divided by 54/(7 + -16) - -54.
27
Let w = -16937 + 17323. Calculate the remainder when w is divided by 76.
6
Let x = -935 - -479. Let d = x - -489. What is the remainder when 83 is divided by d?
17
Let z = 183 + -180. Suppose 31 - 4 = z*t. Calculate the remainder when t is divided by 7.
2
Suppose -7*t + 93 = 58. Calculate the remainder when 3/(-6)*-92 - 3 is divided by t.
3
Let l(h) = 12*h**2 + 109*h + 683. Calculate the remainder when l(-6) is divided by 4/(-34) - (-3378)/102.
32
Let h(j) = 10*j - 1. Let x(s) = -s**2 - 15*s + 17. Let b be x(-16). Let q be h(b). Suppose -2*m + q + 9 = 0. Calculate the remainder when m is divided by 4.
1
Suppose 24*i - 46000 = -11536. What is the remainder when i is divided by 8?
4
Suppose 1177 = 2*u + 5*c, u - 3*c - 588 = -5*c. Suppose -368 = -4*x + 4*m + 228, -m + u = 4*x. What is the remainder when x is divided by 20?
7
Let q = 4579 + -4474. Calculate the remainder when 1784 is divided by q.
104
Let s(o) = o + 1. Let z be s(3). Suppose 66 = 3*a - z*a. What is the remainder when (a/(-4))/(7/14) is divided by 9?
6
Let v = -2460 + 2558. Calculate the remainder when 318 is divided by v.
24
Suppose 3 = -19*z + 22*z. Calculate the remainder when (z*-100 + -14 + 12)/(-2) is divided by 11.
7
Suppose 0 = 4*i - 11 - 1. What is the remainder when (-1)/(9/(-11) - -1)*(-817 + 809) is divided by i?
2
Suppose 8294 = 20*p - 4486. What is the remainder when p is divided by 12?
3
Suppose 0 = 2*k + 2*k. Suppose 0 = -4*a - 3*w - 199, -2*a + 3*a + 4*w + 53 = k. Let o = a - -66. What is the remainder when o is divided by 9?
8
Let z be (54/(-135))/((2/5925)/(-2)). Calculate the remainder when (-12)/(-66) + z/33 is divided by 19.
15
Suppose -2*m + m = -33. Let v be 8/(-1) + 266/14. Suppose -v*j = -6*j + l - 34, 0 = -5*j + l + 36. What is the remainder when m is divided by j?
5
Suppose 0 = 3*y + 4*v - 11 - 11, -4*v - 20 = 0. Suppose -a = -y*a + 377. Calculate the remainder when a is divided by 8.
5
Let y = 243 - 181. Suppose -48 + 132 = 4*p. Calculate the remainder when y is divided by p.
20
Let d(g) = -g**3 - 97*g**2 - 284*g - 165. What is the remainder when 3309 is divided by d(-94)?
20
What is the remainder when 1130 is divided by 272/(-1496) - ((-1)/3 - 298280/264)?
0
Suppose -3*w + 5*l + 343 = 0, -4*l - 106 = -2*w + 120. Let f = -53 + w. Calculate the remainder when f is divided by 10.
8
Let l = 7631 - 7627. Calculate the remainder when 14/21*45/1 is divided by l.
2
Let j = -10 - -35. Let l(q) = 67*q - 353. Calculate the remainder when l(6) is divided by j.
24
Let j = 255 + 49. Let p = j + -280. Calculate the remainder when p is divided by (-14)/8*-2*2.
3
Suppose -6*p + 19 - 7 = 0. Suppose p*h + 26 = 4*g, 0 = g + 3*h - 11 - 13. Suppose -99 = -g*q + 27. What is the remainder when 35 is divided by q?
7
Let c be 5 + (3 - -237) + 5. Suppose 5*o - c = -m, -4*m - 153 = -5*o + 72. What is the remainder when 144 is divided by o?
46
Suppose 3683*j - 1248 = 3657*j. What is the remainder when 131 is divided by j?
35
Suppose 0 = 2*z + 6, 5*o + z + 265 = 4*o. Let t be 1/4 + o/(-8). What is the remainder when 41 is divided by (-2)/1*t/(-6)?
8
Suppose -3*y - 53*y = 3*y - 39530. Calculate the remainder when y is divided by 137.
122
Let d(w) = -w**3 - 4*w**2 + 1. Let g be d(-7). Let a = -3577 + 3650. Calculate the remainder when a is divided by (-1)/(-3) - g/(-6).
23
Calculate the remainder when 594 is divided by (-4253)/(-16) + 306/1632.
62
Suppose 5*i - 2*k - 485 = 0, 4*k = 2*i - 289 + 79. Suppose 5*r + g - 2844 = 0, g - 926 = -2*r + 214. Calculate the remainder when r is divided by i.
93
Suppose -5*f - 3*g + g = 352, -2*f = 5*g + 124. Let p = -119 + 95. What is the remainder when 17 is divided by (-1 - (-8)/3)/(p/f)?
2
Let v(b) = 2*b**2 + 4*b + 1. Let t(j) = -j - 8. Let x be t(-13). Calculate the remainder when (x - 7)*(-147)/6 is divided by v(-4).
15
Suppose -70*c = 30*c - 11*c - 26878. What is the remainder when c is divided by 162?
140
Suppose -17*n + 2033 = -3668 + 788. Calculate the remainder when n is divided by 46.
13
Let f = -280 + 301. Let t(a) = -39*a + 1. Calculate the remainder when t(-3) is divided by 119/3 - (2 - f/9).
38
Suppose 30*s + 108 = 36*s. Suppose 611 = y - 2*f + 84, -3*y = -4*f - 1575. What is the remainder when y is divided by s?
17
Let p be (-6248)/(-60) + 8/(-60). Suppose -4*d + p + 266 = 5*g, 2*g = 2*d + 148. What is the remainder when g is divided by 24?
2
Suppose 0 = -44*p + 47*p + 5*i - 512, -2*i + 491 = 3*p. Calculate the remainder when p is divided by 24.
15
Suppose 2*k - 1 = -3, -2*k - 2 = 2*r. Let t(b) = -4*b + 7. Calculate the remainder when 4/(-10)*(-13 + -52) is divided by t(r).
5
What is the remainder when 1642 is divided by (-8 - -9)*(3 - -13)?
10
Let l(a) = 10*a**2 - 185*a - 80. Suppose -3*y = -y + 186. Let k = -20 - y. Calculate the remainder when k is divided by l(19).
13
Suppose 322 = -5*v + 3*a, -v + 6 = 2*a + 60. Let k = v - -67. Suppose -4*h = 2 - 10, 76 = k*f + 3*h. What is the remainder when 53 is divided by f?
11
Calculate the remainder when 555 is divided by (-168)/(5*6/12*(-2)/5).
51
Calculate the remainder when 2241/6*(-6 - 88/(-12)) is divided by 221.
56
Suppose 70*h + 103 - 2432 = 471. Calculate the remainder when h is divided by 3.
1
Suppose -24 = i - 5*i - 4*w, -2*i + 10 = w. Let o(k) = 10*k - 12. Let r be o(i). What is the remainder when 207/6 + 0 - (-14)/r is divided by 9?
8
Let v = -3312 - -4995. Calculate the remainder when 3372 is divided by v.
6
Let g(w) = w**3 + 23*w**2 + 19*w - 15. Let u = -12 - 24. What is the remainder when g(-22) is divided by (1 - (-10)/(-8))*u?
6
Suppose 31*k + 51*k - 3974 = 2422. Calculate the remainder when 173 is divided by k.
17
Let i be 6 + -237 + 15/(-3). Let h = i - -246. Calculate the remainder when 77 is divided by h.
7
Let s(f) be the first derivative of f**2/2 + 24*f - 18. What is the remainder when 27 is divided by s(-8)?
11
Suppose 25*n + 631 - 2457 = 3*n. Calculate the remainder when n is divided by 14.
13
Let m(l) = -7*l + 3. Let z be m(-2). Let j = z + -21. Let y = 7 - j. Calculate the remainder when 40 is divided by y.
7
Let f = 5301 + -3695. Calculate the remainder when f is divided by 67.
65
Suppose -526*k = -600*k + 3552. Let p(v) = 3*v + 5. Calculate the remainder when k is divided by p(8).
19
Let n = -26 - -27. Let t = n + 24. Suppose -5*q + 2*s = -615, -4*q - s + 453 = -39. Calculate the remainder when q is divided by t.
23
Suppose -4*r - 5*q = -r - 68, 0 = -5*r + 2*q + 103. Let b = -46570 - -46582. Calculate the remainder when r is divided by b.
9
What is the remainder when 3873 is divided by (91/(-910))/(3/(-750))?
23
Suppose -s - 17*a + 22*a + 238 = 0, -3*s + 696 = 3*a. Calculate the remainder when 694 is divided by s.
228
Let u = 15081 + -15050. What is the remainder when 2324 is divided by u?
30
Suppose 57*o - 19*o = 75 + 1027. Calculate the remainder when 489 is divided by o.
25
Suppose 34*h - 110 + 42 = 0. Suppose 8 = h*v + 2*v. What is the remainder when 38 is divided by v?
0
Let w = -2075 - -2077. Calculate the remainder when 425 is divided by w.
1
Suppose -18*f + 53*f - 4399 = 4036. What is the remainder when 1918 is divided by f?
231
Let u = 3397 - 3261. What is the remainder when u is divided by 44?
4
Let v = 51 - 44. Let x(g) = -g + 20. Let a be x(v). Let o = 11 + a. Calculate the remainder when 46 is divided by o.
22
Suppose -18*n = 6*n - 48. Calculate the remainder when 139 is divided by 22 - 1 - ((0 - -1) + n).
13
Let m be 352/(-132) - (-2)/3. Calculate the remainder when ((-32)/6)/((-1)/3) is divided by 2 - (5 + m) - -7.
4
Suppose 4*c + 666 - 2021 = 3*p, 5*c - 3*p = 1690. Suppose -18*w - c = -857. What is the remainder when 287 is divided by w?
26
Suppose 0 = 3*u - 3*q - 120, q - 5*q + 245 = 5*u. Calculate the remainder when (-14 - -12)/((-4)/806) is divided by u.
43
Let c(g) = -26*g**2 - 788*g - 47. What is the remainder when c(-30) is divided by 43?
21
Suppose 207 = -c + 4*c. Suppose 5*m + 34947 = 38*m. Let y = m - 1024. What is the remainder when c is divided by y?
34
Let q = 69 - 63. What is the remainder when (-1)/q - 98*(-26)/24 is divided by (-22)/